 115. Let t be h(20). Suppose 2554 = t*k - 771. What is the units digit of k?
5
Suppose -7*x - 381 + 1760 = 0. Suppose -20*i = -19*i - x. What is the tens digit of i?
9
Let n(v) = -v**3 + v**2 + 5. Let k be n(0). Let q be 1 + (-2 - (-1885)/k). Suppose q = 4*b - 2*f, 0 = -b + 2*b - f - 93. What is the units digit of b?
5
Let r(b) = -13*b + 22. Let v(a) = -7*a + 11. Let q be 39/(-13) + (3 + 1)/(-1). Let i(t) = q*v(t) + 3*r(t). What is the units digit of i(6)?
9
Let h(v) = v**3 + 28*v**2 - 72*v - 367. Let y be h(-30). Suppose -221 + 55 = a. Let o = y - a. What is the hundreds digit of o?
1
Let h be (-3)/((-108)/210916) - (-2)/9. Suppose -27*i + 5616 = -h. What is the units digit of i?
5
Let i(j) be the first derivative of 11*j**2/2 + 32*j - 10. What is the hundreds digit of i(21)?
2
Let w(p) = 1002*p**2 - 15*p - 82. What is the tens digit of w(-5)?
4
Let m = -227 - -403. Let h = m + 114. What is the units digit of h?
0
Suppose 37*c + 2 = 39*c, -3*k + 23300 = -c. What is the hundreds digit of k?
7
Let x(o) = 278*o**2 - 33*o + 268. What is the ten thousands digit of x(7)?
1
Let q be 2 - (-4 - -8 - 3). Let a = 83 + -78. What is the tens digit of 34*q + ((-20)/a - -1)?
3
Suppose -280 - 1265 = -96*d - 105. Let v(t) = t**2 - 3*t. Let c be v(3). Suppose 4*u - 4*x + 97 = 401, c = 5*x + d. What is the tens digit of u?
7
Let v(l) = l**2 + 10*l + 12. Let i(o) = 4*o**2 + 31*o + 35. Let w(q) = 2*i(q) - 7*v(q). Let c be w(11). Suppose -18*p - 24 = -c*p. What is the units digit of p?
4
Let u(i) = 2*i**3 - 27*i**2 - 14*i + 3. Let n be u(14). Suppose -2*f + 3*k + 224 = 0, -n*f + 2*f + 3*k = -109. What is the hundreds digit of f?
1
Suppose -x - 11300 = -9*x + 43668. What is the thousands digit of x?
6
Suppose -86 = 4*y + 2*g - 360, 2*g = 4*y - 286. Suppose -4*d + 1870 = -2*r - y, -3*d + 2922 = -3*r. What is the units digit of 4/((-16)/r)*10/15?
3
Suppose 1725*n - 22515 = 1706*n. What is the hundreds digit of n?
1
Let h = 7632 - 2983. What is the tens digit of h?
4
Let h(g) = 2*g**3 + 195*g**2 + 263*g + 83. What is the units digit of h(-96)?
3
Suppose 6*x + 4*r = x - 4, -2*r = 2. Suppose x*l + 5*l = 2*j + 1031, 0 = -l + 4*j + 217. What is the hundreds digit of l?
2
Suppose -12*z + 84 = -15*z. Let j = 333 + z. What is the tens digit of j?
0
Suppose -20*k + 83 - 123 = 0. What is the units digit of k - 4188/8*(-8)/12?
7
Let y = 450 - 82. Suppose 2*c + 3*x - 1317 - y = 0, -2*x + 4196 = 5*c. What is the hundreds digit of c?
8
What is the tens digit of (-16)/(1024/(-1290096)) - ((-14)/(-8) - 2)?
5
Let m = -11964 - -20667. What is the tens digit of m?
0
Suppose -3*x + 1743*p = 1742*p - 18559, 6*p = -4*x + 24716. What is the units digit of x?
5
Let b be (-2 - (2 - 4)) + 3. Suppose b*n - n = 7*n. Suppose n = a + y - 79, 0*y = -y - 3. What is the units digit of a?
2
Suppose 4*t + 28 = -3*t. Let v be t*((-972)/(-16))/(-3). Let k = v - 10. What is the units digit of k?
1
Suppose 5*v = -j + 37421, 4*v - 29914 = -6*j + 9*j. What is the tens digit of v?
8
What is the ten thousands digit of 8801*-7*(-48)/42?
7
Let p be ((-2)/(-3)*-6)/(-2). Let l be (94/(-5))/(p/(-10)). Let g = 11 + l. What is the tens digit of g?
0
Suppose 15*c = 59526 + 126849. Suppose c = 5*j + 785. Suppose s - 13*s = -j. What is the hundreds digit of s?
1
Let u(s) = -14020*s - 245. What is the hundreds digit of u(-1)?
7
Let h(f) = f**3 - 25*f**2 - 3*f + 89. Let k be h(25). What is the hundreds digit of 0 + (-2)/k - 11186/(-98)?
1
What is the units digit of ((-16982)/(-12) - (-27)/(-18))*42/14?
1
Suppose 803 = -6*f - 5*f. Let y = -15 - f. Suppose -4*l + 77 = -m, 3*l - y = -0*l + m. What is the tens digit of l?
1
Let u(p) = -p**3 - 24*p**2 + 23*p + 45. Let s be u(-25). Let q = -22 + s. What is the units digit of q?
3
Let t(i) = -39*i + 6*i - 23 + 61*i + i**2. What is the hundreds digit of t(12)?
4
Suppose -581 = -c + 5*g, -5*g = -13*c + 15*c - 1117. What is the hundreds digit of c?
5
Let s = 290 - 512. Suppose -966 = 3*x + 3*o, 13 = -5*o - 2. Let j = s - x. What is the tens digit of j?
9
Let i(f) = f**3 - 7*f**2 - 2*f + 5. Let a be (-2)/(-12) - 116/(-24). Let p be i(a). Let w = p + 98. What is the units digit of w?
3
Let x = -583 - 391. Let g = x + 2845. What is the hundreds digit of g?
8
Suppose 4*f - p = 58, -f + 81 = 4*f + 3*p. Let y(v) = -4*v + 96. Let m(c) = c - 32. Let j(z) = -8*m(z) - 3*y(z). What is the units digit of j(f)?
8
What is the hundreds digit of 277 + 3/(4 - (-155)/(-35))?
2
Suppose -10*h + 420 = -14*h. Let x be 60/35*h/(-10). Let b = x + 40. What is the tens digit of b?
5
Suppose -1754 = -2*k + 240. Let c = -615 + k. Suppose -c = -8*y - 38. What is the units digit of y?
3
Let a be (-4)/2*2/(-2). Suppose a*h - 3 = -l - 5, 3*h = -5*l - 10. What is the units digit of 18/(-4*l/36)?
1
Suppose 9*r = 11*r - 4. Suppose -5*g + 4*s + 0*s + 35 = 0, 0 = -r*g + 4*s + 26. What is the hundreds digit of g - (714/12)/((-2)/4)?
1
Suppose 6 + 52 = 2*z. Let x = 168 + z. Let v = -107 + x. What is the tens digit of v?
9
Let n(i) = -38*i**2 + 5*i - 4. Let o be n(2). Let j = o - 664. What is the units digit of (-1 - j/12)/(1/2)?
3
What is the units digit of 24/(-52) - (-10922701)/247?
1
Suppose 208*s = 4865013 + 726443. What is the hundreds digit of s?
8
Let u be (24/(-18))/(-2)*114. Suppose 4*q - 4*x = 252, 0 = q - 0*x - 4*x - 54. Let z = u - q. What is the tens digit of z?
1
Suppose -12*o = 14*o - 104. Suppose -p = -3*v - 421, -o*v - 1362 + 109 = -3*p. What is the hundreds digit of p?
4
Let g = 23442 - 16311. What is the units digit of g?
1
Let j(o) be the first derivative of -3*o**2 + 224*o - 57. Suppose -4*f = -8*f. What is the units digit of j(f)?
4
Suppose -j + 32*c = 34*c - 7379, j + c - 7381 = 0. What is the thousands digit of j?
7
Let u(r) = 2*r**3 + 3*r**2 + 2*r + 3. Let w be u(-4). Let v = 149 - w. What is the hundreds digit of v?
2
Suppose 2*k = -3*h + 48 + 808, -5*k = 5*h - 1435. Suppose 5*w - 423 = -3*s, 0*w + h = 2*s + 4*w. What is the tens digit of s?
4
Let d = -6077 + 4010. Let r = 2907 + d. What is the units digit of r?
0
Let b(x) = 431*x + 3164. What is the hundreds digit of b(30)?
0
Let u be (1*17)/(2/(-20)). Let t be 934*(-4)/(-12) - 22/(-33). Let v = u + t. What is the units digit of v?
2
Let z(h) = -h**3 - 6*h**2 + 35*h + 13. Let f be z(-10). Suppose -8*g + g = f. What is the units digit of (-2)/g - (13792/(-18))/8?
6
Let h(s) = 6*s**2 + 2. Let q be h(2). Suppose q*a + 12 = 32*a. Suppose -a*x + 4*x = 66. What is the tens digit of x?
3
Suppose -u = 3*z - 59, -2*u + z + 4*z + 63 = 0. Let y = u - -86. What is the units digit of y?
0
Let y(d) = d**3 - 6*d**2. Let p be y(6). Suppose p = -c - 54 - 25. Let z = -23 - c. What is the units digit of z?
6
Suppose -6*t + 3*t + 148 = -2*a, -4*t + 201 = a. Let i = -45 + t. Suppose -5*j + 253 = -i*v - 167, 0 = -j + 2*v + 79. What is the units digit of j?
9
Let p be (1*-1)/((-1)/(-19)). Let b = 284 + -233. Let z = p + b. What is the units digit of z?
2
Let z be (1 - 3)*(0/(-4) + -5). What is the units digit of 2486/4 + (-10 - (-95)/z)?
1
Let h(n) = -464*n - 16. Let s be h(-1). What is the units digit of (s/7)/(-8) - -1371?
3
Let n be -7*(2 - -1)/((-7)/(-7)). Let x(p) = -5*p**2 - 2*p. Let s be x(2). Let m = n - s. What is the units digit of m?
3
Let m = -42725 + 66500. What is the ten thousands digit of m?
2
Suppose -9*i - j = -12*i - 440, -2*i - 292 = -2*j. Suppose -o + 8 + 19 = 0. Let u = o - i. What is the hundreds digit of u?
1
Suppose -u + c = -4, 3*u + 2*c - 14 = 4*c. Suppose 2617 = u*g + 883. What is the hundreds digit of g?
2
Suppose -3*z - 3*h = -1 - 23, -3*h - 46 = -4*z. Let f = z + -7. Suppose -6*g = -f*g + 2*k - 406, g - 5*k - 141 = 0. What is the hundreds digit of g?
1
Suppose 22*z = -72*z + 198549 - 17975. What is the tens digit of z?
2
Let a(c) = 43*c - 5. Let g be (2*(-6 + 0))/(-5 - -4). Suppose -2*k + g = -3*x, 2*x + 3*x = 5*k - 25. What is the tens digit of a(k)?
2
What is the units digit of (96/72)/(2/(-6)) - 116840/(-5)?
4
What is the units digit of (-2)/1 - (-3 + -4 + -3610)?
5
Let l = 414 - 209. Let a = l - 104. What is the hundreds digit of a?
1
What is the thousands digit of 3689088/588 + 4/98?
6
What is the thousands digit of 3021 - (-6)/(96/80)?
3
Suppose 2*p - 3*p - 4 = 0, m + 4*p = -37. Let c(s) = -s**2 - 32*s - 1. What is the uni